{"id":1535,"date":"2025-12-03T12:01:53","date_gmt":"2025-12-03T12:01:53","guid":{"rendered":"https:\/\/prettytrendshop.com\/?post_type=product&#038;p=1535"},"modified":"2025-12-03T12:02:02","modified_gmt":"2025-12-03T12:02:02","slug":"speed-sleep-intb028-complement-alimentaire","status":"publish","type":"product","link":"https:\/\/prettytrendshop.com\/index.php\/produit\/speed-sleep-intb028-complement-alimentaire\/","title":{"rendered":"SPEED  SLEEP  INTB028  Complement Alimentaire"},"content":{"rendered":"<p>&nbsp;<\/p>\n<p>SPEED\u00a0 SLEEP<\/p>\n<p>D\u00e9couvrez SPEEDSLEEP, notre compl\u00e9ment nutritionnel innovant, pr\u00eat \u00e1 l\u00b4emploi et int\u00e9grateur. SPEESLEEP est sp\u00e9cialement fait pour vous aider \u00e0 retrouver une bonne nuit de sommeil. Associ\u00e9 aux figues, il se pr\u00e9sente sous forme d\u00b4un gel pratique \u00e0 deguster. Gr\u00e2ce \u00e0 son m\u00e9lange brevet\u00e9 SOMNIWELL\u2122, \u00e0 base de M\u00e9latonine, de Pavot rouge et de Pavot de Californie, SPEEDSLEEP agit efficacement sur les trois Aspects du sommeil, r\u00e9tablissant votre cycle de repos naturel.<\/p>\n<p>Les Bienfaits:<\/p>\n<p>1. R\u00e9duit le Temps n\u00e9cessaire pour s\u00b4endormir:<\/p>\n<p>La m\u00e9latonine, un ingredient cl\u00e9 de notre formule, aide a r\u00e9duire le temps n\u00e9cessaire pour s\u00b4endormir, afin que vous puissiez vous endormir plus raoidement et sans agitation.<\/p>\n<p>2. Reduit les r\u00e9veils nocturnes:<\/p>\n<p>les extraits de Pavot de California ( Eschscholzia ) et de Pavot rouge aident \u00e0 reduire les r\u00e9veils nocturnes et \u00e0 offrir une nuit plus continue et plus reposante.<\/p>\n<p>3. Qualit\u00e9 du Sommeil:<\/p>\n<p>Enrichi en Passiflore, Citron vert et griffonia, SPEEDSLEEP favorise un sommeil profond et r\u00e9parateur. Ces extraits naturels sont connus pour leurs effets relaxants et calmants et contribuent \u00e0 une meilleure qualit\u00e9 du sommeil.<\/p>\n<p>4. Gestion du Stress et r\u00e9gulation du rythme Circadien:<\/p>\n<p>Le Griffonia joue un r\u00f4le important dans la promotion du sommeil et de la Gestion du Stress. Il aide \u00e9galement de r\u00e9guler les rythmes Circadiens, harmonisant ainsi votre horloge biologique pour des nuits plus calmes.<\/p>\n<p>5. Absorption rapide:<\/p>\n<p>G\u00e2ce \u00e0 sa formule gel innovante, la M\u00e9latonine SPEEDSLEEP est rapidement absorb\u00e9e environ 15 minutes apr\u00e8s la prise, garantissant une efficacit\u00e9 optimale lorsque vous en avez le plus besoin.<\/p>\n<p>Utilisation:<\/p>\n<p>Prenez SPEEDSLEEP environ 30 minutes avanr le coucher pour un effet maximal. Gr\u00e2ce \u00e0 sa formule gel, il estfacile `a prendre et commence \u00e0 agir rapidement, vous permettant de vous immerger dans un sommeil r\u00e9parateur.<\/p>\n<p>Retrouvez votre sommeil naturel et r\u00e9parateur avec SPEEDSLEEP!<\/p>\n<p>Ne vous couchez plus tard par manque de sommeil, dites adieu aux troubles du sommeil qui perturbent vos nuits, avec SPEEDSLEEP d\u00e9couvrez l\u00b4envie de vous endormir rapidement, une nuit sans perturbations et de vous r\u00e9veiller en pleine forme.<\/p>\n<p>Faites confiance \u00e0 notre formule innovante pour des nuits calmes et des journ\u00e9es plus \u00e9nergiques.<\/p>\n<p>Format: 10ml * 30, dose d\u00b4un mois<br \/>\n27,90Eur<br \/>\nLe traitement dure id\u00e9alement 3 mois.<\/p>\n","protected":false},"excerpt":{"rendered":"<p>&nbsp; SPEED\u00a0 SLEEP D\u00e9couvrez SPEEDSLEEP, notre compl\u00e9ment nutritionnel innovant, pr\u00eat \u00e1 l\u00b4emploi et int\u00e9grateur. SPEESLEEP est sp\u00e9cialement fait pour vous aider \u00e0 retrouver une bonne nuit de sommeil. Associ\u00e9 aux figues, il se pr\u00e9sente sous forme d\u00b4un gel pratique \u00e0 deguster. Gr\u00e2ce \u00e0 son m\u00e9lange brevet\u00e9 SOMNIWELL\u2122, \u00e0 base de M\u00e9latonine, de Pavot rouge et &hellip; <\/p>\n<p class=\"link-more\"><a href=\"https:\/\/prettytrendshop.com\/index.php\/produit\/speed-sleep-intb028-complement-alimentaire\/\" class=\"more-link\">Continuer la lecture<span class=\"screen-reader-text\"> de &laquo;&nbsp;SPEED  SLEEP  INTB028  Complement Alimentaire&nbsp;&raquo;<\/span><\/a><\/p>\n","protected":false},"featured_media":1537,"comment_status":"open","ping_status":"closed","template":"","meta":[],"product_brand":[],"product_cat":[116],"product_tag":[],"class_list":{"0":"post-1535","1":"product","2":"type-product","3":"status-publish","4":"has-post-thumbnail","6":"product_cat-complements-alimentaires","8":"first","9":"instock","10":"shipping-taxable","11":"purchasable","12":"product-type-simple"},"_links":{"self":[{"href":"https:\/\/prettytrendshop.com\/index.php\/wp-json\/wp\/v2\/product\/1535","targetHints":{"allow":["GET"]}}],"collection":[{"href":"https:\/\/prettytrendshop.com\/index.php\/wp-json\/wp\/v2\/product"}],"about":[{"href":"https:\/\/prettytrendshop.com\/index.php\/wp-json\/wp\/v2\/types\/product"}],"replies":[{"embeddable":true,"href":"https:\/\/prettytrendshop.com\/index.php\/wp-json\/wp\/v2\/comments?post=1535"}],"wp:featuredmedia":[{"embeddable":true,"href":"https:\/\/prettytrendshop.com\/index.php\/wp-json\/wp\/v2\/media\/1537"}],"wp:attachment":[{"href":"https:\/\/prettytrendshop.com\/index.php\/wp-json\/wp\/v2\/media?parent=1535"}],"wp:term":[{"taxonomy":"product_brand","embeddable":true,"href":"https:\/\/prettytrendshop.com\/index.php\/wp-json\/wp\/v2\/product_brand?post=1535"},{"taxonomy":"product_cat","embeddable":true,"href":"https:\/\/prettytrendshop.com\/index.php\/wp-json\/wp\/v2\/product_cat?post=1535"},{"taxonomy":"product_tag","embeddable":true,"href":"https:\/\/prettytrendshop.com\/index.php\/wp-json\/wp\/v2\/product_tag?post=1535"}],"curies":[{"name":"wp","href":"https:\/\/api.w.org\/{rel}","templated":true}]}}