{"id":1288,"date":"2025-05-22T17:20:15","date_gmt":"2025-05-22T17:20:15","guid":{"rendered":"https:\/\/prettytrendshop.com\/?post_type=product&#038;p=1288"},"modified":"2025-05-22T17:20:18","modified_gmt":"2025-05-22T17:20:18","slug":"parfum-cheveux-n-pc023b","status":"publish","type":"product","link":"https:\/\/prettytrendshop.com\/index.php\/produit\/parfum-cheveux-n-pc023b\/","title":{"rendered":"PARFUM CHEVEUX N\u00b0 PC023B"},"content":{"rendered":"<p>&nbsp;<\/p>\n<p>La brume capillaire parfum\u00e9e Aurodhea enveloppe vos cheveux d&rsquo;un parfum irr\u00e9sistible, emp\u00eachant lesmauvaises odeurs de se d\u00e9poser sur vos cheveux et cr\u00e9ant un agr\u00e9able sillage parfum\u00e9 sur votrepassage. Enrichi en vitamine E, en prot\u00e9ines de Soie et en Ginkgo Biloba, ce produit rend vos cheveuxplus forts, plus soyeux et agr\u00e9ablement parfum\u00e9s tout au long de la journ\u00e9e.<\/p>\n<p><strong>Pyramide olfactive :<\/strong><\/p>\n<ul>\n<li><strong>Notes de t\u00eate :<\/strong>\u00a0Abricot, Noix de Coco, Prune<\/li>\n<li><strong>Notes de c\u0153ur :<\/strong>\u00a0Carvi, Jasmin, Muguet, Palissandre du Br\u00e9sil, Rose, Tub\u00e9reuse<\/li>\n<li><strong>Notes de fond :<\/strong>\u00a0Amande, Bois de santal, Musc, Vanille.<\/li>\n<\/ul>\n<p>Mode d\u00b4emploi : Vaporisez directement sur les cheveux \u00e0 une distance d&rsquo;environ 20 cm<\/p>\n<p>Format : 30ml<\/p>\n<p>&nbsp;<\/p>\n","protected":false},"excerpt":{"rendered":"<p>&nbsp; La brume capillaire parfum\u00e9e Aurodhea enveloppe vos cheveux d&rsquo;un parfum irr\u00e9sistible, emp\u00eachant lesmauvaises odeurs de se d\u00e9poser sur vos cheveux et cr\u00e9ant un agr\u00e9able sillage parfum\u00e9 sur votrepassage. Enrichi en vitamine E, en prot\u00e9ines de Soie et en Ginkgo Biloba, ce produit rend vos cheveuxplus forts, plus soyeux et agr\u00e9ablement parfum\u00e9s tout au long &hellip; <\/p>\n<p class=\"link-more\"><a href=\"https:\/\/prettytrendshop.com\/index.php\/produit\/parfum-cheveux-n-pc023b\/\" class=\"more-link\">Continuer la lecture<span class=\"screen-reader-text\"> de &laquo;&nbsp;PARFUM CHEVEUX N\u00b0 PC023B&nbsp;&raquo;<\/span><\/a><\/p>\n","protected":false},"featured_media":1287,"comment_status":"open","ping_status":"closed","template":"","meta":[],"product_brand":[],"product_cat":[109],"product_tag":[],"class_list":{"0":"post-1288","1":"product","2":"type-product","3":"status-publish","4":"has-post-thumbnail","6":"product_cat-produits-capillaires","8":"first","9":"instock","10":"shipping-taxable","11":"purchasable","12":"product-type-simple"},"_links":{"self":[{"href":"https:\/\/prettytrendshop.com\/index.php\/wp-json\/wp\/v2\/product\/1288","targetHints":{"allow":["GET"]}}],"collection":[{"href":"https:\/\/prettytrendshop.com\/index.php\/wp-json\/wp\/v2\/product"}],"about":[{"href":"https:\/\/prettytrendshop.com\/index.php\/wp-json\/wp\/v2\/types\/product"}],"replies":[{"embeddable":true,"href":"https:\/\/prettytrendshop.com\/index.php\/wp-json\/wp\/v2\/comments?post=1288"}],"wp:featuredmedia":[{"embeddable":true,"href":"https:\/\/prettytrendshop.com\/index.php\/wp-json\/wp\/v2\/media\/1287"}],"wp:attachment":[{"href":"https:\/\/prettytrendshop.com\/index.php\/wp-json\/wp\/v2\/media?parent=1288"}],"wp:term":[{"taxonomy":"product_brand","embeddable":true,"href":"https:\/\/prettytrendshop.com\/index.php\/wp-json\/wp\/v2\/product_brand?post=1288"},{"taxonomy":"product_cat","embeddable":true,"href":"https:\/\/prettytrendshop.com\/index.php\/wp-json\/wp\/v2\/product_cat?post=1288"},{"taxonomy":"product_tag","embeddable":true,"href":"https:\/\/prettytrendshop.com\/index.php\/wp-json\/wp\/v2\/product_tag?post=1288"}],"curies":[{"name":"wp","href":"https:\/\/api.w.org\/{rel}","templated":true}]}}