{"id":1238,"date":"2025-05-07T11:37:28","date_gmt":"2025-05-07T11:37:28","guid":{"rendered":"https:\/\/prettytrendshop.com\/?post_type=product&#038;p=1238"},"modified":"2025-05-07T11:40:30","modified_gmt":"2025-05-07T11:40:30","slug":"creme-de-corps-raffermissante-tonifiante-n-cr06b","status":"publish","type":"product","link":"https:\/\/prettytrendshop.com\/index.php\/produit\/creme-de-corps-raffermissante-tonifiante-n-cr06b\/","title":{"rendered":"CR\u00c8ME DE CORPS RAFFERMISSANTE TONIFIANTE N\u00b0 CR06B"},"content":{"rendered":"<p>&nbsp;<\/p>\n<p>LA CR\u00c8ME DE CORPS RAFFERMISSANTE TONIFIANTE effet \u00ab froid \u00bb<\/p>\n<p>La cr\u00e8me corporelle \u00e0 effet \u00ab froid \u00bb Aurodhea est un soin raffermissant \u00e0 la texture douce et fluide, id\u00e9al pour les massages. Gr\u00e2ce aux ingr\u00e9dients utilis\u00e9s et \u00e0 sa formulation, elle convient particuli\u00e8rement pour raffermir la peau du corps dans la zone des hanches, des fesses, l&rsquo;int\u00e9rieur de la cuisse et des bras. Une utilisation r\u00e9guli\u00e8re rend la peau plus tonique et plus compacte. Gr\u00e2ce au m\u00e9lange synergique de principes actifs naturels, tels que la Centella asiatica, l&rsquo;Equisetum, le Ruscus, et le Lierre combin\u00e9s \u00e0 l&rsquo;effet revigorant du Menthol, elle lutte contre la r\u00e9tention d&rsquo;eau et favorise la r\u00e9duction des d\u00e9p\u00f4ts de graisse. La caf\u00e9ine draine et stimule le m\u00e9tabolisme des graisses. Adjuvant dans la pr\u00e9vention des vergetures et du rel\u00e2chement des tissus cutan\u00e9s.<\/p>\n<p>Votre nouvel alli\u00e9 pour une peau plus ferme, lisse et \u00e9clatante. Formul\u00e9e avec un m\u00e9lange exclusif d&rsquo;ingr\u00e9dients naturels et puissants, cette cr\u00e8me offre des r\u00e9sultats visibles et durables.<\/p>\n<p>Les Valeurs ajout\u00e9es:<\/p>\n<p>. Ferme et Tonifie : Gr\u00e2ce \u00e0 ses actifs innovants, notre cr\u00e8me aide \u00e0 raffermir et tonifier les zones du corps sujettes au rel\u00e2chement.<\/p>\n<p>. Hydrate et Nourrit : Enrichie en beurres et huiles naturels, elle p\u00e9n\u00e8tre profond\u00e9ment pour hydrater et nourrir intens\u00e9ment la peau.<\/p>\n<p>. Lisse et Adoucit : Sa texture onctueuse s&rsquo;applique facilement et laisse la peau douce, lisse et soyeuse au toucher.<br \/>\n. Revitalise et R\u00e9g\u00e9n\u00e8re : Les antioxydants pr\u00e9sents dans la formule revitalisent la peau et favorisent son renouvellement cellulaire.<\/p>\n<p>Ingr\u00e9dients:<\/p>\n<p>. Collag\u00e8ne Marin : Connu pour ses propri\u00e9t\u00e9s raffermissantes, il aide \u00e0 restaurer l&rsquo;\u00e9lasticit\u00e9 et la fermet\u00e9 de la peau.<\/p>\n<p>. Huile de Jojoba : Hydrate profond\u00e9ment sans laisser de film gras, tout en apaisant les irritations.<br \/>\n. Beurre de Karit\u00e9 : Nourrit intens\u00e9ment et prot\u00e8ge la peau contre les agressions ext\u00e9rieures.<br \/>\n. Vitamine E : Puissant antioxydant, elle prot\u00e8ge la peau des radicaux libres et favorise sa r\u00e9g\u00e9n\u00e9ration.<\/p>\n<p>Utilisation:<br \/>\nAppliquez g\u00e9n\u00e9reusement la Cr\u00e8me sur une peau propre et s\u00e8che. Massez en mouvements circulaires jusqu&rsquo;\u00e0 absorption compl\u00e8te, en insistant sur les zones sujettes au rel\u00e2chement. Utilisez quotidiennement pour des r\u00e9sultats optimaux.<\/p>\n<p>Format :\u00a0 150ml<\/p>\n","protected":false},"excerpt":{"rendered":"<p>&nbsp; LA CR\u00c8ME DE CORPS RAFFERMISSANTE TONIFIANTE effet \u00ab froid \u00bb La cr\u00e8me corporelle \u00e0 effet \u00ab froid \u00bb Aurodhea est un soin raffermissant \u00e0 la texture douce et fluide, id\u00e9al pour les massages. Gr\u00e2ce aux ingr\u00e9dients utilis\u00e9s et \u00e0 sa formulation, elle convient particuli\u00e8rement pour raffermir la peau du corps dans la zone des &hellip; <\/p>\n<p class=\"link-more\"><a href=\"https:\/\/prettytrendshop.com\/index.php\/produit\/creme-de-corps-raffermissante-tonifiante-n-cr06b\/\" class=\"more-link\">Continuer la lecture<span class=\"screen-reader-text\"> de &laquo;&nbsp;CR\u00c8ME DE CORPS RAFFERMISSANTE TONIFIANTE N\u00b0 CR06B&nbsp;&raquo;<\/span><\/a><\/p>\n","protected":false},"featured_media":1240,"comment_status":"open","ping_status":"closed","template":"","meta":[],"product_brand":[],"product_cat":[108],"product_tag":[],"class_list":{"0":"post-1238","1":"product","2":"type-product","3":"status-publish","4":"has-post-thumbnail","6":"product_cat-soins-beaute","8":"first","9":"instock","10":"shipping-taxable","11":"purchasable","12":"product-type-simple"},"_links":{"self":[{"href":"https:\/\/prettytrendshop.com\/index.php\/wp-json\/wp\/v2\/product\/1238","targetHints":{"allow":["GET"]}}],"collection":[{"href":"https:\/\/prettytrendshop.com\/index.php\/wp-json\/wp\/v2\/product"}],"about":[{"href":"https:\/\/prettytrendshop.com\/index.php\/wp-json\/wp\/v2\/types\/product"}],"replies":[{"embeddable":true,"href":"https:\/\/prettytrendshop.com\/index.php\/wp-json\/wp\/v2\/comments?post=1238"}],"wp:featuredmedia":[{"embeddable":true,"href":"https:\/\/prettytrendshop.com\/index.php\/wp-json\/wp\/v2\/media\/1240"}],"wp:attachment":[{"href":"https:\/\/prettytrendshop.com\/index.php\/wp-json\/wp\/v2\/media?parent=1238"}],"wp:term":[{"taxonomy":"product_brand","embeddable":true,"href":"https:\/\/prettytrendshop.com\/index.php\/wp-json\/wp\/v2\/product_brand?post=1238"},{"taxonomy":"product_cat","embeddable":true,"href":"https:\/\/prettytrendshop.com\/index.php\/wp-json\/wp\/v2\/product_cat?post=1238"},{"taxonomy":"product_tag","embeddable":true,"href":"https:\/\/prettytrendshop.com\/index.php\/wp-json\/wp\/v2\/product_tag?post=1238"}],"curies":[{"name":"wp","href":"https:\/\/api.w.org\/{rel}","templated":true}]}}