{"id":1223,"date":"2025-05-05T13:28:43","date_gmt":"2025-05-05T13:28:43","guid":{"rendered":"https:\/\/prettytrendshop.com\/?post_type=product&#038;p=1223"},"modified":"2025-05-05T13:28:48","modified_gmt":"2025-05-05T13:28:48","slug":"huile-parfume-de-seduction-a-la-senteur-n-u07f","status":"publish","type":"product","link":"https:\/\/prettytrendshop.com\/index.php\/produit\/huile-parfume-de-seduction-a-la-senteur-n-u07f\/","title":{"rendered":"HUILE PARFUM\u00c9  DE S\u00c9DUCTION \u00e0 la senteur N\u00b0 U07F"},"content":{"rendered":"<p>&nbsp;<\/p>\n<p>D\u00e9couvrez l\u00b4exp\u00e9rience sensorielle envo\u00fbtante de notre huile d\u00b4amende douce. Telle une douce caresse sur le corps, elle renferme toutes les propri\u00e9t\u00e9s \u00e9mollientes et hydreatantes de l\u00b4amende, associ\u00e9s \u00e0 des notes Olfactives envo\u00fbtantes, une d\u00e9licate symphonie de douceur et de s\u00e9duction. Cette huile incarne une intimit\u00e9 envo\u00fbtante.<\/p>\n<p>Mode d\u00b4emploi :\u00a0 Appliquez quelques gouttes imm\u00e9diatement apr\u00e8s la douche ou le bain sur une peau encore l\u00e9g\u00e8rement humide. Appliquez sur le corps. l\u00b4interieurs des cuisses, les pieds, les cheveux et entre les seins et masser doucement.<\/p>\n<p>Pr\u00e9caution\u00a0 : peut aggraver l&rsquo;\u00e9tat des peaux grasses et\/ou impures, surtout en cas d&rsquo;utilisation fr\u00e9quente, car elle est com\u00e9dog\u00e8ne.<\/p>\n<p>Ingr\u00e9dients (INCI) : Prunus amygdalus dulcis oil, parfum, hexyl cinnamal, benzyl salicylate, hydroxycitronellal, citronellol,alpha-isomethylionone, limonene, linalool, geraniol, methyl 2-octynoate, citral.<\/p>\n<p>Format : 100ml<\/p>\n","protected":false},"excerpt":{"rendered":"<p>&nbsp; D\u00e9couvrez l\u00b4exp\u00e9rience sensorielle envo\u00fbtante de notre huile d\u00b4amende douce. Telle une douce caresse sur le corps, elle renferme toutes les propri\u00e9t\u00e9s \u00e9mollientes et hydreatantes de l\u00b4amende, associ\u00e9s \u00e0 des notes Olfactives envo\u00fbtantes, une d\u00e9licate symphonie de douceur et de s\u00e9duction. Cette huile incarne une intimit\u00e9 envo\u00fbtante. Mode d\u00b4emploi :\u00a0 Appliquez quelques gouttes imm\u00e9diatement apr\u00e8s &hellip; <\/p>\n<p class=\"link-more\"><a href=\"https:\/\/prettytrendshop.com\/index.php\/produit\/huile-parfume-de-seduction-a-la-senteur-n-u07f\/\" class=\"more-link\">Continuer la lecture<span class=\"screen-reader-text\"> de &laquo;&nbsp;HUILE PARFUM\u00c9  DE S\u00c9DUCTION \u00e0 la senteur N\u00b0 U07F&nbsp;&raquo;<\/span><\/a><\/p>\n","protected":false},"featured_media":1222,"comment_status":"open","ping_status":"closed","template":"","meta":[],"product_brand":[],"product_cat":[114],"product_tag":[],"class_list":{"0":"post-1223","1":"product","2":"type-product","3":"status-publish","4":"has-post-thumbnail","6":"product_cat-huiles-vegetales-essentielles","8":"first","9":"instock","10":"shipping-taxable","11":"purchasable","12":"product-type-simple"},"_links":{"self":[{"href":"https:\/\/prettytrendshop.com\/index.php\/wp-json\/wp\/v2\/product\/1223","targetHints":{"allow":["GET"]}}],"collection":[{"href":"https:\/\/prettytrendshop.com\/index.php\/wp-json\/wp\/v2\/product"}],"about":[{"href":"https:\/\/prettytrendshop.com\/index.php\/wp-json\/wp\/v2\/types\/product"}],"replies":[{"embeddable":true,"href":"https:\/\/prettytrendshop.com\/index.php\/wp-json\/wp\/v2\/comments?post=1223"}],"wp:featuredmedia":[{"embeddable":true,"href":"https:\/\/prettytrendshop.com\/index.php\/wp-json\/wp\/v2\/media\/1222"}],"wp:attachment":[{"href":"https:\/\/prettytrendshop.com\/index.php\/wp-json\/wp\/v2\/media?parent=1223"}],"wp:term":[{"taxonomy":"product_brand","embeddable":true,"href":"https:\/\/prettytrendshop.com\/index.php\/wp-json\/wp\/v2\/product_brand?post=1223"},{"taxonomy":"product_cat","embeddable":true,"href":"https:\/\/prettytrendshop.com\/index.php\/wp-json\/wp\/v2\/product_cat?post=1223"},{"taxonomy":"product_tag","embeddable":true,"href":"https:\/\/prettytrendshop.com\/index.php\/wp-json\/wp\/v2\/product_tag?post=1223"}],"curies":[{"name":"wp","href":"https:\/\/api.w.org\/{rel}","templated":true}]}}