{"id":1209,"date":"2025-05-04T19:23:38","date_gmt":"2025-05-04T19:23:38","guid":{"rendered":"https:\/\/prettytrendshop.com\/?post_type=product&#038;p=1209"},"modified":"2025-05-04T20:17:35","modified_gmt":"2025-05-04T20:17:35","slug":"parfum-n-055-2","status":"publish","type":"product","link":"https:\/\/prettytrendshop.com\/index.php\/produit\/parfum-n-055-2\/","title":{"rendered":"PARFUM  N\u00b0 039"},"content":{"rendered":"<div class=\"page\" data-page-number=\"1\" data-loaded=\"true\">\n<div><\/div>\n<div class=\"textLayer\">\n<div class=\"endOfContent\">\n<p><span style=\"font-size: 1rem;\">Ce parfum est comme un jeu dans une prairie fleurie au printemps : il est frais, d\u00e9licat, jeune, spontan\u00e9, p\u00e9tillant. Il exprime toute lajoie de vivre d&rsquo;une femme ou d&rsquo;une jeune fille joyeuse, \u00e9l\u00e9gante mais toujours libre, gaie et parfois m\u00eame un peu irr\u00e9v\u00e9rencieuse.<\/span><\/p>\n<div>\n<div class=\"page\" data-page-number=\"1\" data-loaded=\"true\">\n<div class=\"textLayer\">Fragrance : L&rsquo;ouverture est confi\u00e9e aux notes fra\u00eeches et fruit\u00e9es de la Fraise et de la Mandarine. Les notes de c\u0153ur sont diffus\u00e9es par lal\u00e9g\u00e8ret\u00e9 persuasive de la Rose et du Jasmin. Le fond est confi\u00e9 \u00e0 l&rsquo;intensit\u00e9 du Patchouli et du Musc, et \u00e0 la chaleur de l&rsquo;Ambre etdu Santal.<\/div>\n<div><\/div>\n<\/div>\n<div>\n<p><strong>Pyramide olfactive:<\/strong><\/p>\n<p><strong>.\u00a0 \u00a0 \u00a0Notes de t\u00eate :<\/strong>\u00a0Fraise des bois, Mandarine<\/p>\n<p><strong>.\u00a0 \u00a0 \u00a0Notes de c\u0153ur :<\/strong>\u00a0Jasmin, Rose<\/p>\n<p><strong>.\u00a0 \u00a0 \u00a0Notes de fond :<\/strong>\u00a0Ambre, Bois de santal, Mousse de ch\u00eane, Patchouli, V\u00e9tiver<\/p>\n<\/div>\n<div class=\"page\" data-page-number=\"1\" data-loaded=\"true\">\n<div class=\"textLayer\">Mode d\u00b4emploi : Vaporiser une petite quantit\u00e9 de parfum directement sur la zone que vous pr\u00e9f\u00e9rez : sur la nuque, derri\u00e8re les lobes d&rsquo;oreille, dans lecreux de la poitrine. Ou bien vaporiser le parfum devant vous et vous immerger dans le nuage parfum\u00e9<\/div>\n<\/div>\n<div><\/div>\n<div class=\"page\" data-page-number=\"2\" data-loaded=\"true\">\n<div class=\"canvasWrapper\">\n<p><strong>Ingr\u00e9dients\u00a0 (INCI):<\/strong>\u00a0Alcohol denat, parfum, limonene, linalool, citral, alpha-isomethyl ionone, eugenol, hexyl cinnamal,coumarin, cinnamyl alcohol, hydroxycitronellal, geraniol, citronellol.<\/p>\n<\/div>\n<div class=\"textLayer\"><\/div>\n<\/div>\n<\/div>\n<p>Format : 70ml<\/p>\n<\/div>\n<\/div>\n<div><\/div>\n<\/div>\n<div class=\"page\" data-page-number=\"2\" data-loaded=\"true\">\n<div class=\"canvasWrapper\"><\/div>\n<div class=\"textLayer\"><\/div>\n<\/div>\n","protected":false},"excerpt":{"rendered":"<p>Ce parfum est comme un jeu dans une prairie fleurie au printemps : il est frais, d\u00e9licat, jeune, spontan\u00e9, p\u00e9tillant. Il exprime toute lajoie de vivre d&rsquo;une femme ou d&rsquo;une jeune fille joyeuse, \u00e9l\u00e9gante mais toujours libre, gaie et parfois m\u00eame un peu irr\u00e9v\u00e9rencieuse. Fragrance : L&rsquo;ouverture est confi\u00e9e aux notes fra\u00eeches et fruit\u00e9es de &hellip; <\/p>\n<p class=\"link-more\"><a href=\"https:\/\/prettytrendshop.com\/index.php\/produit\/parfum-n-055-2\/\" class=\"more-link\">Continuer la lecture<span class=\"screen-reader-text\"> de &laquo;&nbsp;PARFUM  N\u00b0 039&nbsp;&raquo;<\/span><\/a><\/p>\n","protected":false},"featured_media":1130,"comment_status":"open","ping_status":"closed","template":"","meta":[],"product_brand":[],"product_cat":[15],"product_tag":[],"class_list":{"0":"post-1209","1":"product","2":"type-product","3":"status-publish","4":"has-post-thumbnail","6":"product_cat-parfums","8":"first","9":"instock","10":"shipping-taxable","11":"purchasable","12":"product-type-simple"},"_links":{"self":[{"href":"https:\/\/prettytrendshop.com\/index.php\/wp-json\/wp\/v2\/product\/1209","targetHints":{"allow":["GET"]}}],"collection":[{"href":"https:\/\/prettytrendshop.com\/index.php\/wp-json\/wp\/v2\/product"}],"about":[{"href":"https:\/\/prettytrendshop.com\/index.php\/wp-json\/wp\/v2\/types\/product"}],"replies":[{"embeddable":true,"href":"https:\/\/prettytrendshop.com\/index.php\/wp-json\/wp\/v2\/comments?post=1209"}],"wp:featuredmedia":[{"embeddable":true,"href":"https:\/\/prettytrendshop.com\/index.php\/wp-json\/wp\/v2\/media\/1130"}],"wp:attachment":[{"href":"https:\/\/prettytrendshop.com\/index.php\/wp-json\/wp\/v2\/media?parent=1209"}],"wp:term":[{"taxonomy":"product_brand","embeddable":true,"href":"https:\/\/prettytrendshop.com\/index.php\/wp-json\/wp\/v2\/product_brand?post=1209"},{"taxonomy":"product_cat","embeddable":true,"href":"https:\/\/prettytrendshop.com\/index.php\/wp-json\/wp\/v2\/product_cat?post=1209"},{"taxonomy":"product_tag","embeddable":true,"href":"https:\/\/prettytrendshop.com\/index.php\/wp-json\/wp\/v2\/product_tag?post=1209"}],"curies":[{"name":"wp","href":"https:\/\/api.w.org\/{rel}","templated":true}]}}