{"id":1186,"date":"2025-05-04T12:08:55","date_gmt":"2025-05-04T12:08:55","guid":{"rendered":"https:\/\/prettytrendshop.com\/?post_type=product&#038;p=1186"},"modified":"2026-04-04T16:57:16","modified_gmt":"2026-04-04T16:57:16","slug":"parfum-n-038","status":"publish","type":"product","link":"https:\/\/prettytrendshop.com\/index.php\/produit\/parfum-n-038\/","title":{"rendered":"PARFUM  N\u00b0 038"},"content":{"rendered":"<p>&nbsp;<\/p>\n<div class=\"page\" data-page-number=\"1\" data-loaded=\"true\">\n<div class=\"textLayer\">C&rsquo;est le parfum d&rsquo;un homme qui refuse de se conformer \u00e0 des mod\u00e8les pr\u00e9\u00e9tablis et qui s&rsquo;affranchit de toutes les conventions. Sa composition r\u00e9v\u00e8le un esprit masculin qui d\u00e9cide de son propre destin avec ind\u00e9pendance et d\u00e9termination. Une personnalit\u00e9 forte et inattendue.<\/div>\n<div><\/div>\n<div class=\"textLayer\">Fragrance : Le parfum est caract\u00e9ris\u00e9 par des notes de t\u00eate hesp\u00e9rid\u00e9es mais en m\u00eame temps d\u00e9cid\u00e9es \u00e0 descendre dans un c\u0153ur floral de Jasmin pour laisser place \u00e0 un fond de notes bois\u00e9es-musqu\u00e9es qui donnent de l&rsquo;\u00e9l\u00e9gance et de l&rsquo;intensit\u00e9.<\/div>\n<div><\/div>\n<\/div>\n<div>\n<p><strong>Pyramide Olfactive<\/strong><\/p>\n<p><strong>.\u00a0 \u00a0 Notes de t\u00eate<\/strong> : Une ouverture vive et \u00e9nergique aux accents de citron, de pamplemousse et de poivre rose, offrant une premi\u00e8re impression fra\u00eeche et stimulante.<\/p>\n<p><strong>.\u00a0 \u00a0 \u00a0Notes de c\u0153ur<\/strong> : Une combinaison raffin\u00e9e et sophistiqu\u00e9e o\u00f9 le gingembre, l\u00b4iso E super, le jasmin et la muscade ajoutent profondeur et \u00e9l\u00e9gance.<\/p>\n<p><strong>.\u00a0 \u00a0 \u00a0Notes de fond<\/strong> : Un sillage intense et magn\u00e9tique aux touches bois\u00e9es et r\u00e9sineuses de santal, de c\u00e8dre, de ciste, d\u2019encens, de musc, de patchouli, et de v\u00e9tiver, pour une empreinte \u00e0 la fois puissante et durable.<\/p>\n<\/div>\n<div class=\"page\" data-page-number=\"1\" data-loaded=\"true\">\n<div class=\"textLayer\">\n<p>Mode d\u00b4emploi : Vaporiser une petite quantit\u00e9 de parfum directement sur la zone pr\u00e9f\u00e9r\u00e9e : sur le cou, derri\u00e8re les lobes d&rsquo;oreille. Ou bien, vaporiserle parfum devant soi et s&rsquo;immerger dans le nuage parfum\u00e9<\/p>\n<ul>\n<li><strong>Ingrdients (INCI) : <\/strong>Alcohol denat, parfum, linalool, limonene, hexyl cinnamal, citronellol, coumarin, geraniol, citral, isoeugenol,eugenol<\/li>\n<\/ul>\n<\/div>\n<\/div>\n<div>Format : 70ml<\/div>\n<div class=\"page\" data-page-number=\"2\" data-loaded=\"true\">\n<div class=\"canvasWrapper\"><\/div>\n<div class=\"textLayer\"><\/div>\n<\/div>\n","protected":false},"excerpt":{"rendered":"<p>&nbsp; C&rsquo;est le parfum d&rsquo;un homme qui refuse de se conformer \u00e0 des mod\u00e8les pr\u00e9\u00e9tablis et qui s&rsquo;affranchit de toutes les conventions. Sa composition r\u00e9v\u00e8le un esprit masculin qui d\u00e9cide de son propre destin avec ind\u00e9pendance et d\u00e9termination. Une personnalit\u00e9 forte et inattendue. Fragrance : Le parfum est caract\u00e9ris\u00e9 par des notes de t\u00eate hesp\u00e9rid\u00e9es &hellip; <\/p>\n<p class=\"link-more\"><a href=\"https:\/\/prettytrendshop.com\/index.php\/produit\/parfum-n-038\/\" class=\"more-link\">Continuer la lecture<span class=\"screen-reader-text\"> de &laquo;&nbsp;PARFUM  N\u00b0 038&nbsp;&raquo;<\/span><\/a><\/p>\n","protected":false},"featured_media":1133,"comment_status":"open","ping_status":"closed","template":"","meta":[],"product_brand":[],"product_cat":[15],"product_tag":[],"class_list":{"0":"post-1186","1":"product","2":"type-product","3":"status-publish","4":"has-post-thumbnail","6":"product_cat-parfums","8":"first","9":"instock","10":"shipping-taxable","11":"purchasable","12":"product-type-simple"},"_links":{"self":[{"href":"https:\/\/prettytrendshop.com\/index.php\/wp-json\/wp\/v2\/product\/1186","targetHints":{"allow":["GET"]}}],"collection":[{"href":"https:\/\/prettytrendshop.com\/index.php\/wp-json\/wp\/v2\/product"}],"about":[{"href":"https:\/\/prettytrendshop.com\/index.php\/wp-json\/wp\/v2\/types\/product"}],"replies":[{"embeddable":true,"href":"https:\/\/prettytrendshop.com\/index.php\/wp-json\/wp\/v2\/comments?post=1186"}],"wp:featuredmedia":[{"embeddable":true,"href":"https:\/\/prettytrendshop.com\/index.php\/wp-json\/wp\/v2\/media\/1133"}],"wp:attachment":[{"href":"https:\/\/prettytrendshop.com\/index.php\/wp-json\/wp\/v2\/media?parent=1186"}],"wp:term":[{"taxonomy":"product_brand","embeddable":true,"href":"https:\/\/prettytrendshop.com\/index.php\/wp-json\/wp\/v2\/product_brand?post=1186"},{"taxonomy":"product_cat","embeddable":true,"href":"https:\/\/prettytrendshop.com\/index.php\/wp-json\/wp\/v2\/product_cat?post=1186"},{"taxonomy":"product_tag","embeddable":true,"href":"https:\/\/prettytrendshop.com\/index.php\/wp-json\/wp\/v2\/product_tag?post=1186"}],"curies":[{"name":"wp","href":"https:\/\/api.w.org\/{rel}","templated":true}]}}