{"id":1156,"date":"2025-05-03T22:58:19","date_gmt":"2025-05-03T22:58:19","guid":{"rendered":"https:\/\/prettytrendshop.com\/?post_type=product&#038;p=1156"},"modified":"2025-05-04T19:02:33","modified_gmt":"2025-05-04T19:02:33","slug":"parfum-n-016","status":"publish","type":"product","link":"https:\/\/prettytrendshop.com\/index.php\/produit\/parfum-n-016\/","title":{"rendered":"PARFUM N\u00b0 016"},"content":{"rendered":"<p>&nbsp;<\/p>\n<div class=\"page\" data-page-number=\"1\" data-loaded=\"true\">\n<div class=\"textLayer\">L&rsquo;\u00e9quilibre parfait entre virilit\u00e9 et sensualit\u00e9. Un classique r\u00e9invent\u00e9 gr\u00e2ce \u00e0 l&rsquo;association de la lavande et de notes vanill\u00e9es sexy.C&rsquo;est un parfum magn\u00e9tique et s\u00e9duisant, unique, moderne, doux, construit sur des contrastes et absolument irr\u00e9sistible.<\/div>\n<div><\/div>\n<div class=\"textLayer\">FRAGRANCEIl s&rsquo;ouvre sur des notes de menthe fra\u00eeche, symbole de force, de lavande et de bergamote ; le c\u0153ur est form\u00e9 par la cannelle, lecumin et la fleur d&rsquo;oranger ; les notes de fond comprennent la vanille, qui donne \u00e0 la composition chaleur et douceur, la f\u00e8ve tonka,le bois de santal et le c\u00e8dre.<\/div>\n<div><\/div>\n<\/div>\n<div>\n<p><strong>Pyramide olfactive :\u00a0<\/strong><\/p>\n<p>&nbsp;<\/p>\n<p><strong>.\u00a0 \u00a0 \u00a0Notes de t\u00eate<\/strong>:\u00a0Barmoise, Bergamote, Cardamome, Lavande, Menthe<\/p>\n<p><strong>.\u00a0 \u00a0 \u00a0Notes de c\u0153ur<\/strong>: Cannelle, Carvi, Fleur d&rsquo;oranger<\/p>\n<p><strong>.\u00a0 \u00a0 \u00a0Notes de fond:<\/strong>\u00a0Ambre, Bois de santal, C\u00e8dre, f\u00e8ve tonka, Vanille.<\/p>\n<\/div>\n<div><span style=\"font-size: 1rem;\">Mode d\u00b4emploi : Vaporiser une petite quantit\u00e9 de parfum directement sur la zone pr\u00e9f\u00e9r\u00e9e : sur le cou, derri\u00e8re les lobes d&rsquo;oreille. Ou bien, vaporiserle parfum devant soi et s&rsquo;immerger dans le nuage parfum\u00e9<\/span><\/div>\n<div><\/div>\n<div>\n<p><strong>.\u00a0 \u00a0 \u00a0Ingr\u00e9dients (INCI): <\/strong>Alcohol denat, parfum, butylphenyl methylpropional, coumarin, linalool, limonene, cinnamal, citral, eugenol,citronellol, geraniol, benzyl benzoate, cinnamyl alcohol, farnesol, benzyl alcohol<b>.<\/b><\/p>\n<p>&nbsp;<\/p>\n<\/div>\n<div>Format : 70ml<\/div>\n<div class=\"page\" data-page-number=\"1\" data-loaded=\"true\">\n<div class=\"textLayer\">\n<div class=\"endOfContent\"><\/div>\n<\/div>\n<div><\/div>\n<\/div>\n<div class=\"page\" data-page-number=\"2\" data-loaded=\"true\">\n<div class=\"canvasWrapper\"><\/div>\n<div class=\"textLayer\"><\/div>\n<\/div>\n","protected":false},"excerpt":{"rendered":"<p>&nbsp; L&rsquo;\u00e9quilibre parfait entre virilit\u00e9 et sensualit\u00e9. Un classique r\u00e9invent\u00e9 gr\u00e2ce \u00e0 l&rsquo;association de la lavande et de notes vanill\u00e9es sexy.C&rsquo;est un parfum magn\u00e9tique et s\u00e9duisant, unique, moderne, doux, construit sur des contrastes et absolument irr\u00e9sistible. FRAGRANCEIl s&rsquo;ouvre sur des notes de menthe fra\u00eeche, symbole de force, de lavande et de bergamote ; le c\u0153ur &hellip; <\/p>\n<p class=\"link-more\"><a href=\"https:\/\/prettytrendshop.com\/index.php\/produit\/parfum-n-016\/\" class=\"more-link\">Continuer la lecture<span class=\"screen-reader-text\"> de &laquo;&nbsp;PARFUM N\u00b0 016&nbsp;&raquo;<\/span><\/a><\/p>\n","protected":false},"featured_media":1133,"comment_status":"open","ping_status":"closed","template":"","meta":[],"product_brand":[],"product_cat":[15],"product_tag":[],"class_list":{"0":"post-1156","1":"product","2":"type-product","3":"status-publish","4":"has-post-thumbnail","6":"product_cat-parfums","8":"first","9":"instock","10":"shipping-taxable","11":"purchasable","12":"product-type-simple"},"_links":{"self":[{"href":"https:\/\/prettytrendshop.com\/index.php\/wp-json\/wp\/v2\/product\/1156","targetHints":{"allow":["GET"]}}],"collection":[{"href":"https:\/\/prettytrendshop.com\/index.php\/wp-json\/wp\/v2\/product"}],"about":[{"href":"https:\/\/prettytrendshop.com\/index.php\/wp-json\/wp\/v2\/types\/product"}],"replies":[{"embeddable":true,"href":"https:\/\/prettytrendshop.com\/index.php\/wp-json\/wp\/v2\/comments?post=1156"}],"wp:featuredmedia":[{"embeddable":true,"href":"https:\/\/prettytrendshop.com\/index.php\/wp-json\/wp\/v2\/media\/1133"}],"wp:attachment":[{"href":"https:\/\/prettytrendshop.com\/index.php\/wp-json\/wp\/v2\/media?parent=1156"}],"wp:term":[{"taxonomy":"product_brand","embeddable":true,"href":"https:\/\/prettytrendshop.com\/index.php\/wp-json\/wp\/v2\/product_brand?post=1156"},{"taxonomy":"product_cat","embeddable":true,"href":"https:\/\/prettytrendshop.com\/index.php\/wp-json\/wp\/v2\/product_cat?post=1156"},{"taxonomy":"product_tag","embeddable":true,"href":"https:\/\/prettytrendshop.com\/index.php\/wp-json\/wp\/v2\/product_tag?post=1156"}],"curies":[{"name":"wp","href":"https:\/\/api.w.org\/{rel}","templated":true}]}}