{"id":1132,"date":"2025-05-03T19:28:11","date_gmt":"2025-05-03T19:28:11","guid":{"rendered":"https:\/\/prettytrendshop.com\/?post_type=product&#038;p=1132"},"modified":"2025-05-03T19:32:06","modified_gmt":"2025-05-03T19:32:06","slug":"parfum-n-001","status":"publish","type":"product","link":"https:\/\/prettytrendshop.com\/index.php\/produit\/parfum-n-001\/","title":{"rendered":"PARFUM N\u00b0 001"},"content":{"rendered":"<p>&nbsp;<\/p>\n<div class=\"page\" data-page-number=\"1\" data-loaded=\"true\">\n<div class=\"textLayer\">L&rsquo;humour, la sensualit\u00e9 et l&rsquo;esprit gentleman donnent vie \u00e0 un parfum unique, capable de m\u00e9langer des notes fra\u00eeches, des senteursaromatiques et \u00e9pic\u00e9es, des notes de fruits juteux, mais aussi des notes florales et des bois chauds. La note finale est un cuir doux.<\/div>\n<div class=\"textLayer\">Une fra\u00eecheur de la menthe poivr\u00e9e et de la mandarine est habilement combin\u00e9e \u00e0 des notes \u00e9pic\u00e9es.<\/div>\n<div>\n<p><strong>Pyramide olfactive <\/strong><strong>:<\/strong><\/p>\n<p><strong>.\u00a0 \u00a0 \u00a0Notes de t\u00eate<\/strong>: Mandarine, Menthe, Pamplemousse<\/p>\n<p><strong>.\u00a0 \u00a0 \u00a0Notes de c\u0153ur<\/strong>: Cannelle, Notes \u00c9pices, Rose<\/p>\n<p><strong>.\u00a0 \u00a0 \u00a0Notes de fond:<\/strong> Ambre, Cuir, Notes bois\u00e9es, Patchouli<\/p>\n<\/div>\n<div class=\"textLayer\">Mode d\u00b4emploi : Vaporiser une petite quantit\u00e9 de parfum directement sur la zone pr\u00e9f\u00e9r\u00e9e : sur le cou, derri\u00e8re les lobes d&rsquo;oreille. Ou bien, vaporiserle parfum devant soi et s&rsquo;immerger dans le nuage parfum\u00e9.<\/div>\n<div><\/div>\n<\/div>\n<div>\n<ul>\n<li><strong>Ingredients (INCI) : <\/strong>Alcohol denat, parfum, limonene, coumarin, hydroxycitronellal, alpha-isomethyl ionone, linalool, eugenol,cinnamal, citral, isoeugenol.<\/li>\n<\/ul>\n<h3><\/h3>\n<\/div>\n<div><\/div>\n<div class=\"page\" data-page-number=\"1\" data-loaded=\"true\">\n<div><\/div>\n<\/div>\n<div>\n<div>\n<p><strong>Format<\/strong>: 70ml<\/p>\n<\/div>\n<div class=\"textLayer\"><\/div>\n<\/div>\n<div><\/div>\n<div><\/div>\n","protected":false},"excerpt":{"rendered":"<p>&nbsp; L&rsquo;humour, la sensualit\u00e9 et l&rsquo;esprit gentleman donnent vie \u00e0 un parfum unique, capable de m\u00e9langer des notes fra\u00eeches, des senteursaromatiques et \u00e9pic\u00e9es, des notes de fruits juteux, mais aussi des notes florales et des bois chauds. La note finale est un cuir doux. Une fra\u00eecheur de la menthe poivr\u00e9e et de la mandarine est &hellip; <\/p>\n<p class=\"link-more\"><a href=\"https:\/\/prettytrendshop.com\/index.php\/produit\/parfum-n-001\/\" class=\"more-link\">Continuer la lecture<span class=\"screen-reader-text\"> de &laquo;&nbsp;PARFUM N\u00b0 001&nbsp;&raquo;<\/span><\/a><\/p>\n","protected":false},"featured_media":1133,"comment_status":"open","ping_status":"closed","template":"","meta":[],"product_brand":[],"product_cat":[15],"product_tag":[],"class_list":{"0":"post-1132","1":"product","2":"type-product","3":"status-publish","4":"has-post-thumbnail","6":"product_cat-parfums","8":"first","9":"instock","10":"shipping-taxable","11":"purchasable","12":"product-type-simple"},"_links":{"self":[{"href":"https:\/\/prettytrendshop.com\/index.php\/wp-json\/wp\/v2\/product\/1132","targetHints":{"allow":["GET"]}}],"collection":[{"href":"https:\/\/prettytrendshop.com\/index.php\/wp-json\/wp\/v2\/product"}],"about":[{"href":"https:\/\/prettytrendshop.com\/index.php\/wp-json\/wp\/v2\/types\/product"}],"replies":[{"embeddable":true,"href":"https:\/\/prettytrendshop.com\/index.php\/wp-json\/wp\/v2\/comments?post=1132"}],"wp:featuredmedia":[{"embeddable":true,"href":"https:\/\/prettytrendshop.com\/index.php\/wp-json\/wp\/v2\/media\/1133"}],"wp:attachment":[{"href":"https:\/\/prettytrendshop.com\/index.php\/wp-json\/wp\/v2\/media?parent=1132"}],"wp:term":[{"taxonomy":"product_brand","embeddable":true,"href":"https:\/\/prettytrendshop.com\/index.php\/wp-json\/wp\/v2\/product_brand?post=1132"},{"taxonomy":"product_cat","embeddable":true,"href":"https:\/\/prettytrendshop.com\/index.php\/wp-json\/wp\/v2\/product_cat?post=1132"},{"taxonomy":"product_tag","embeddable":true,"href":"https:\/\/prettytrendshop.com\/index.php\/wp-json\/wp\/v2\/product_tag?post=1132"}],"curies":[{"name":"wp","href":"https:\/\/api.w.org\/{rel}","templated":true}]}}